. What is the remainder when y(7) is divided by o?
4
Let z(l) = 8*l**2 + 4*l + 12. What is the remainder when 244 is divided by z(-2)?
28
Let z be ((-75)/(-20))/(2/(-112)). Let h = z - -309. Calculate the remainder when h is divided by 25.
24
Let r(b) = -b**3 - 3*b**2 + 2*b - 2. Let d(p) = 4*p. Let f be d(-1). Let k be r(f). Suppose 0 = -k*x + x + 175. What is the remainder when x is divided by 19?
16
Let s be 308/110*1/((-2)/(-5)). Suppose -4*z = 3*w - 131, -s*z + 3*w = -2*z - 130. What is the remainder when z is divided by 19?
10
Let i(p) = -p**3 + 10*p**2 + 22. Suppose f + 3*f - 18 = -3*a, -f = -a + 13. Calculate the remainder when 41 is divided by i(a).
19
Suppose -4 - 6 = 2*h, -5*t - 4*h = 10. Suppose -t*n + 3*k - 8*k + 15 = 0, -25 = -2*n + 5*k. Calculate the remainder when 27 is divided by n.
7
Suppose l + 2*m = 6, 3*m + 0 = 6. Suppose 0 = l*c - 112 - 30. Calculate the remainder when c is divided by 18.
17
Let v = 1433 - 1308. What is the remainder when 1497 is divided by v?
122
Let n = 0 - -2. Suppose -5*l + 107 = n*u + 3, 5*u - 298 = -3*l. Calculate the remainder when u is divided by 13.
10
Suppose 1 = r - 14. Suppose -r = 3*g - 108. Let k = -33 + 44. What is the remainder when g is divided by k?
9
Suppose 0 = 4*n - 6*n + 6. Let a(g) be the first derivative of g**3/3 - 7*g**2 - 5*g + 10. Calculate the remainder when a(15) is divided by n.
1
Let i = 184 + -162. What is the remainder when 46 is divided by i?
2
Let d be (12/8)/((-6)/(-8)). Let v(y) = 4*y**2 + y. Let u be v(d). Let m = u - 3. What is the remainder when m is divided by 4?
3
Let n(f) = -4*f + 53. What is the remainder when n(6) is divided by 10?
9
Suppose 0 = n + 4*q - 53, 4*n - 8*q = -6*q + 284. What is the remainder when n is divided by 24?
21
Let t(d) = -d**2 + 15*d + 20. Let x be t(16). Suppose x*u = u + 39. Let c(z) = z**2 - 14*z + 17. What is the remainder when 5 is divided by c(u)?
1
Let r = 26 - 24. Calculate the remainder when 8 is divided by (r - 5) + (4 - -2).
2
Let z = -10 - -13. Let r(m) = -2*m**2 - 12*m - 10. Let i be r(-5). Suppose -4*x + 7 = -5*p + 70, i = 3*p + x - 31. What is the remainder when p is divided by z?
2
Suppose 0 = -3*i - 2*i + 20. Suppose 2*z - 5*m - 34 = 0, -5*z - 10 + 95 = -i*m. Calculate the remainder when 33 is divided by z.
16
Suppose -170 = -5*o - 60. Suppose 50 - 201 = -m. Calculate the remainder when m is divided by o.
19
Let u(r) = 39*r**3 + 4*r**2 + 8*r - 11. Calculate the remainder when u(3) is divided by 69.
67
Suppose -2*x = -3*u + 432, -5*u + x + 726 = 13. What is the remainder when u is divided by 16?
14
Suppose -4*u + 2*p = -814, -3*u + 3*p = 4*p - 598. Suppose -4*r = -t + u - 53, -5*t - 2*r + 740 = 0. Calculate the remainder when t is divided by 30.
28
Let j(b) = -3*b - b + 2*b - 4 + 0. Let k be j(-2). Suppose 3*p = -k - 15, 5*o - 170 = 4*p. Calculate the remainder when 57 is divided by o.
27
Let k(b) = -27*b + 12. Calculate the remainder when k(-1) is divided by (0 + -2 - -1)*-11.
6
Let f(j) = -j**2 - 10*j - 6. Let z(q) = -3 + 27 + 38*q - 35*q. What is the remainder when z(11) is divided by f(-7)?
12
Suppose -17*j + 54 = -16*j. Let t = -27 + j. What is the remainder when t is divided by 11?
5
Suppose 38 = 2*w - 98. Suppose 0 = -4*h + 5*h - 3*f - w, 4*f - 340 = -5*h. Calculate the remainder when h is divided by 18.
14
Let l(n) = 8*n + 29. Let x be l(-3). Suppose -p = -4*p + 30. Calculate the remainder when ((-103)/(-2))/(x/p) is divided by 26.
25
Let p(d) = d**3 + 12*d**2 - 2*d - 62. What is the remainder when 404 is divided by p(-11)?
80
Suppose 2346*n + 324 = 2350*n. What is the remainder when n is divided by 17?
13
Let g(s) = s**3 + 14*s**2 - 16*s - 12. Let q be g(-15). Calculate the remainder when -20*(14/8 - q) is divided by 6.
1
Let p(w) = -w**3 + 10*w**2 - 10*w + 17. Calculate the remainder when 8 is divided by p(9).
0
Let v(k) = 11*k**2 - 23*k + 126. What is the remainder when v(11) is divided by 134?
132
Calculate the remainder when 43 is divided by (27 + -31)/((-2)/13).
17
Let c(h) = h**3 + 47*h**2 - 10*h - 97. Calculate the remainder when c(-47) is divided by 18.
13
Let a be -1 - (-2 + -1*65). Suppose -4*h - 3*f = -h - 72, -3*h - f + a = 0. What is the remainder when h is divided by 9?
3
Let j(y) = -y**3 + 2*y**2 + 6*y + 7. Let f be j(5). Let n = 80 + f. Suppose 3*q - n = q. What is the remainder when q is divided by 12?
9
Let t(a) = -a + 6. Let s be t(4). Suppose -f = -5*g + 84, -6*g - 4*f + 72 = -s*g. What is the remainder when 53 + (4 - 3)*-3 is divided by g?
16
Let o be (-128)/9 - (-16)/72. What is the remainder when ((-7)/o)/(3/30) is divided by 4?
1
Let w = -35 + 42. Suppose -36 = -w*x + 6*x. Calculate the remainder when x is divided by 8.
4
Let s be (-1)/(4/(-1 - 15)). Suppose -s*i + 3*i + 3*z - 3 = 0, 24 = 2*i + 4*z. Calculate the remainder when 43 is divided by (i + -1)/((-2)/(-6)).
13
Calculate the remainder when 18 is divided by (5 + 35/(-5))*30/(-5).
6
Let a = -24 + 44. Suppose 5*p = -5*w + a, -4*w = p - 3*p - 28. Calculate the remainder when 33 is divided by w.
3
Let w(n) = -4*n + 145. Suppose -18 = 2*g - 72. Calculate the remainder when g is divided by w(35).
2
Suppose -11*l - 3526 = -13*l. Suppose 9*p - 523 = l. What is the remainder when p is divided by 17?
16
Suppose 5*d - 181 + 71 = 0. Let g = 2 - -1. Calculate the remainder when d is divided by g/(1/1) - -5.
6
Suppose -3*j = -4*j + 33. Let n = j - 48. Let l = n - -23. What is the remainder when 15 is divided by l?
7
Let w(p) = -13*p**3 + 2*p**2 + p - 1. Let b be (-18)/27 - 2/6. Let i be (-2 + 5)*b/3. Calculate the remainder when w(i) is divided by 4.
1
Let c(i) = i**3 + 7*i**2 + 2*i - 21. Calculate the remainder when 113 is divided by c(-5).
18
Suppose 18*o = -12*o + 2850. Calculate the remainder when o is divided by 32.
31
Let g = 4 + 26. What is the remainder when 19 is divided by (-18)/27*g/(-4)?
4
Suppose 21*j = 17*j - w + 173, 6 = -2*w. What is the remainder when 44 is divided by j?
0
Let g be (-600)/(-325) + 2/39*3. Suppose -g*z = 2, 4*z + 49 = 4*q - q. Let k = -48 + 92. What is the remainder when k is divided by q?
14
Suppose 411 = 329*q - 326*q. What is the remainder when q is divided by 35?
32
Suppose 50 = 453*d - 451*d. Let t = 20 - 6. Let a = d - t. What is the remainder when a is divided by 3?
2
Let t(j) = -13 + 9 + 0*j**2 + 8*j - j**2. Let f be t(7). Suppose -62 = -f*v + 2*v. What is the remainder when v is divided by 22?
18
Let m(l) = -36*l**3 - 3*l - 2. Let y be (-39)/33 - (-4)/22. Calculate the remainder when m(y) is divided by 13.
11
Let j = -265 - -380. Calculate the remainder when 226 is divided by j.
111
Let y = 141 - 140. Let w(c) = c**3 + 5*c**2 - 4*c - 5. What is the remainder when w(-4) is divided by y + 414/30 - (-4)/(-5)?
13
Let s be 3/2 + (-1308)/8. Suppose -i = -152 + 154. What is the remainder when (-5)/i*s/(-15) is divided by 15?
12
Suppose 0 = 5*h - 3*h - 8. Calculate the remainder when 83 is divided by h.
3
Let t = -7 - -19. Suppose t*y = 13*y - 41. Calculate the remainder when y is divided by 21.
20
Let i(n) = -n**2 - 7*n + 8. Let d = 83 + -81. Suppose -2*z = -d*f + 6, 0 = -5*f + z + 6 + 9. What is the remainder when i(-6) is divided by f?
2
Let n = -1835 - -2330. What is the remainder when n is divided by 126?
117
Let x = 41 - 29. Suppose -5*v + 4*v = 0. Suppose v*y = 4*y - x. What is the remainder when 10 is divided by y?
1
Let c(x) = 27*x - 155. What is the remainder when c(7) is divided by 15?
4
Let n(k) = 848*k - 11865. Let i = 4 - 2. Suppose 9 + i = h. Calculate the remainder when h is divided by n(14).
4
Let u = 463 - 360. What is the remainder when 195 is divided by u?
92
What is the remainder when 395 is divided by (-3 - -4)/(-1 - -3)*164?
67
Let k = 110 - 41. Let c = k + -12. Calculate the remainder when c is divided by 20.
17
What is the remainder when (-4)/(-1) + (1 - -32) is divided by 2/7 - 445/(-35)?
11
Suppose -54*t = -1725 - 489. Calculate the remainder when 75 is divided by t.
34
Let b(v) = 23*v + 128. Calculate the remainder when b(26) is divided by 73.
69
Let t(x) = -15*x - 3. Let b be t(-2). Let r = -42 + b. Let j = 21 + r. Calculate the remainder when 16 is divided by j.
4
Let z(b) = 161*b - 1077. Let n = -173 + 371. Calculate the remainder when n is divided by z(7).
48
Calculate the remai